vative of 1/3*c**3 + 319 - 3*c**2 + c. Determine a(y).
8
Suppose 2*l + 2*p = 6*p + 6, 2*l + 3*p = -15. Suppose 5*t - 17 = r, 3*t + 1 = -0*r - 5*r. Let m be -1*l/r*2. Let s(n) = -8*n - 3. Calculate s(m).
21
Let c(k) be the second derivative of 13*k**3/6 + 28*k**2 + 6*k + 13. Let v be c(-4). Let a(h) = -h**2 + h + 11. Give a(v).
-1
Let f(r) = -18*r + 93. Let t(s) = s**3 + 33*s**2 + 24*s - 2. Let x be t(-1). Calculate f(x).
-15
Let a(c) be the first derivative of 5*c**2/2 - 144*c - 570. Calculate a(28).
-4
Suppose 147*a - 9*a - 70*a + 68 = 0. Let c(d) = 62*d + 62. What is c(a)?
0
Let s(z) be the second derivative of -z**5/10 - 19*z**4/12 + 5*z**3 + 13*z**2/2 - 6682*z. What is s(-11)?
46
Suppose -1430 = -2*i - 1420, 0 = 3*d - 3*i - 168. Let u(t) = t - 59. Give u(d).
2
Suppose 5*l - 13*l - 9*l = 0. Suppose 0 = 3*i + 2 + 22. Let s = i + l. Let b(g) = -g**2 - 6*g + 8. Give b(s).
-8
Let h(j) = j**2 - 13*j + 27. Let f(w) = -2*w**3 + 38*w**2 + 46*w - 108. Let p be f(20). What is h(p)?
15
Let k = -306 - -307. Let i(t) = 14*t**2 - 2*t - 3. Let u be i(-2). Suppose 58*m - u*m = k. Let y(s) = 5*s**3 + 2*s**2 - 1. What is y(m)?
6
Let f = 0 + -1. Let p(k) = -11 - 22 + 51 - 2*k**2 - 17 + 0*k - k. Calculate p(f).
0
Suppose -90*o = -78*o - 24. Let l(n) = 22 - 8 - 16 - o*n. Suppose 15 = -2*v + 7. Determine l(v).
6
Let z(o) be the third derivative of -o**6/120 - o**5/30 - o**4/8 + o**3/3 + 53*o**2. Calculate z(-2).
8
Let k = 207 + -202. Let g(r) = -2*r**2 + 14*r - 9. What is g(k)?
11
Let f(n) = 4*n + 9. Let a(h) = 13*h + 35. Let o(t) = 3*a(t) - 11*f(t). Determine o(7).
-29
Let g(z) be the second derivative of z**3/6 + 3*z**2/2 - 2*z. Let s(a) = 2*a**3 + 86*a**2 - 276*a + 1. Let u be s(-46). Give g(u).
4
Let r(b) = b + 3. Suppose -5*q + k + 65 = 0, 4*q + 3*k + 0*k = 52. Suppose -14*a = -q + 97. Determine r(a).
-3
Let w(n) be the first derivative of -2*n**3/3 - n**2 - 5*n + 1. Let x be -8 + 7 + -14 + 11. Give w(x).
-29
Let a(s) be the first derivative of s**6/10 - s**5/60 - s**4/24 - 5*s**2 + 3. Let x(c) be the second derivative of a(c). Suppose 0 = 2*l + 4 - 2. What is x(l)?
-12
Let y be ((-352)/220)/((-16)/(-60)). Let v(d) = -8 - 206*d**3 - 7*d**2 - 9*d - 212*d**3 + 417*d**3. Calculate v(y).
10
Suppose -6 = g - 9. Let o(i) = -2*i**2 + 5*i**2 + 10*i - 8*i - 4*i**2. Give o(g).
-3
Let a(g) = 2*g - 1. Let t(r) = 37*r - 37. Let h(l) = -37*a(l) + t(l). Let w be (12/24)/(1 - (-3)/(-2)). Determine h(w).
37
Let j = 0 + 2. Let s(b) = -42*b - 2. Suppose -2*n = -4*x + 50, 0*n - 51 = -4*x + 3*n. Let z(u) = 3*u. Let m(d) = x*z(d) + s(d). Calculate m(j).
-14
Let v be ((-25)/10)/(-5)*-6*-1. Suppose 8 = 5*s + 5*a - 12, -4*s - a + 4 = 0. Suppose v*n - 7*n + 12 = s. Let k(p) = p**2 - 3*p - 3. Give k(n).
-3
Suppose 5*c - 1 = -6. Let a(d) = -1 + 13 + d - 11. Let m be a(c). Let t(y) = y**2 + 13. Give t(m).
13
Let d(o) = -538*o**2 + 1086*o**2 - 25 - 547*o**2 + o. Let k(c) = c**3 - 7*c**2 + 8*c - 12. Let a be k(6). Determine d(a).
-25
Let k be (-4)/(1 + -5) + -4. Let v be 0 - (6/(-5))/(8/(-60)). Let w be -5 - k - (v - (1 - 1)). Let t(x) = x + 1. Give t(w).
8
Suppose -7*c = 34 + 8. Let l be c/((-6)/2885) + (8 - 4). Let u(k) = -4*k + 10*k - 6*k**2 + 2888*k**3 - l*k**3. Calculate u(-7).
7
Let b = 2 + -5. Let i(p) = 16*p**2 + 8*p - 145. Let a(o) = 3*o**2 + 2*o - 27. Let x(n) = 5*a(n) - i(n). Determine x(b).
-5
Suppose 16899*x - 16877*x = 418. Let f(v) = v**3 - 18*v**2 - 18*v - 11. Calculate f(x).
8
Suppose t + 22 = 46 - 22. Let q(n) be the second derivative of -n**5/20 + n**4/12 + n**3/6 - n**2/2 - 2*n. Determine q(t).
-3
Let o = 310 + -310. Let w(m) = -4*m + 4 - 8 + o*m + 0. What is w(7)?
-32
Let y(w) = -2*w**2 - 3*w + 2. Let o(t) = 2 + 0*t**2 - t**2 + 6*t**2 - 3*t - 7*t**2. Let u(d) = 5*o(d) - 4*y(d). Determine u(2).
-12
Let j = 42 - 39. Suppose -n + 2 = -j*n. Let f be (n/(-1))/((-1)/(-4)). Let r(z) = -z**2 + z + 2. Calculate r(f).
-10
Let n(d) = d**3 - 8*d**2 + 3*d - 29. Let t be n(8). Let b(k) = -4*k - k**3 - 10 + k - k**3 - 10*k**2. Let i be b(t). Let u(q) = -q**2 + 5*q + 5. Give u(i).
5
Let s(m) = -5 - m**2 - 5*m + 4*m + 90219*m**3 - 90213*m**3. Give s(-2).
-55
Let o(z) = -z. Let h(f) = 0*f - 7*f + 3*f + 3*f. Let y be h(-3). Suppose 4*q - 4 = -2*v, -y*v - 3*q = -0*q - 9. Determine o(v).
-4
Let a(c) = 19 + 5 + 6*c**2 + c**3 + 7 + 6*c + 11 - 40. Calculate a(-5).
-3
Let h(t) be the first derivative of -t**4/4 - t**3/3 + t**2/2 + 10*t + 5250. What is h(-5)?
105
Let v(i) = -4*i**3 - 10*i**2 + 3*i + 5. Let o(l) = 7*l**3 + 20*l**2 - 5*l - 9. Let g(d) = -3*o(d) - 5*v(d). Suppose -224908*j + 224926*j + 180 = 0. Give g(j).
2
Let b be (-1 + 4)/(-2 + 55/26). Let l be 5*5/(b + -1). Let n(a) = 9*a**2 - 2*a + 1. Determine n(l).
8
Let z = -1323 + 1336. Let i(n) = -6*n**3 - 60*n**2 - 64*n - 37. Let f(d) = d**3 + 12*d**2 + 13*d + 7. Let c(a) = 11*f(a) + 2*i(a). What is c(z)?
29
Let u(c) = 7*c + 100. Let k(l) = -7*l - 108. Let s(g) = -5*k(g) - 6*u(g). Determine s(-7).
-11
Let m(w) be the second derivative of -w**5/60 - w**4/12 + 13*w**3/6 + 165*w**2/2 + 4*w + 9. Let q(y) be the first derivative of m(y). Calculate q(-6).
-11
Let z = -22 + 22. Let m(g) = -g + 0*g + g**2 - 5 - 2*g + 16*g - 12*g. Give m(z).
-5
Let c = 34 + -32. Let x(d) = 21*d - 2*d**c + d**2 + 28 - 13*d - 33. Determine x(8).
-5
Suppose -5*y + 4*b + 54 = 0, -3*y + 16*b + 26 = 20*b. Let z(k) = k**3 - 10*k**2 - k - 1. Determine z(y).
-11
Let f(i) = -i**3 - 16*i**2 + 34*i - 44. Let b = 13362 - 13380. Calculate f(b).
-8
Let o(w) = -4*w + 31*w - 2*w - 32 - w - 2*w**2 + 23*w**2 - w**3. Calculate o(22).
12
Suppose 0 = -b + k - 5, -38*b + 68 = -34*b + 4*k. Let n(v) = -5*v - 6*v**2 + 8 + v**3 - v**3 + v**3. Give n(b).
-22
Let c be (0 - 0)/(-1 - 1). Suppose c = s - 3. Let u(g) = -5*g**2 - g - 5. Let o(r) = 8*r**2 + 3*r + 8. Let h(a) = 4*o(a) + 7*u(a). Calculate h(s).
-15
Suppose -a = 202 - 204. Let x(n) = 3*n**2 + 3*n - 4. Determine x(a).
14
Suppose -5*k = -3*g - 10, 6*g + 3*k = g - 28. Let d be (g + 1)/((-20)/10). Let b(i) = -12*i**2 + i**3 + 2 + i**2 - 5*i**2 + 13*i**2 - i. Determine b(d).
-4
Let j(c) = c**3 - 4*c**2 + 2*c - c**2 + 0*c**3. Let w = -151 - -152. Suppose 3 = r + w. What is j(r)?
-8
Let z(b) = b**3 + 8*b**2 - b - 7. Suppose 0 = -3*t + 68 - 50. Suppose t*s + 15 = -33. Give z(s).
1
Let f = 60 - 55. Let t(i) = 10 - f - 46*i + 47*i. Calculate t(6).
11
Let b(f) = 3*f**2 + 14*f. Let j(q) = 25*q - 5 + 39*q + 7*q + 11 + 16*q**2 - 4. Let d(k) = 11*b(k) - 2*j(k). Determine d(-12).
-4
Suppose -5*z = -5*b + 60, -4*b + 2*z = -0*z - 38. Suppose -w = -b*w + 324. Let c = 57 - w. Let v(d) = -d + 4. Give v(c).
1
Let j(v) be the second derivative of v**5/20 - v**4/3 - 4*v**3/3 - v**2/2 + 2961*v. Determine j(5).
-16
Let q(g) = g**2 - 19*g - 1. Let v(w) = 3*w**2 - 67*w - 4. Let h(t) = 14*q(t) - 4*v(t). What is h(4)?
42
Let n(h) be the second derivative of -h**3/3 + 7*h**2/2 - 2*h. Suppose -q = 5*a - 19, 5*q - 3*a + 17 + 28 = 0. Let k be (-7)/(14/2)*q. Determine n(k).
-5
Let d(l) be the second derivative of -5*l**3/6 - 20*l**2 - 1131*l. Calculate d(-10).
10
Suppose -b + 4 + 7 = -3*c, -5*b + 4*c + 22 = 0. Let z(f) = -4 + 2*f**2 - f**2 + 4*f + 0*f**b + 2. Calculate z(-5).
3
Let t(d) = 7*d**2 + 10*d - 126. Let o(s) = 10*s**2 + 13*s - 183. Let w(a) = -5*o(a) + 7*t(a). Calculate w(9).
-3
Let m = 1417 - 1421. Let d(t) be the first derivative of 0*t**2 - t**2 + 2*t**2 - 4*t - 3*t**2 - 8. Calculate d(m).
12
Let s = 4 + -1. Suppose s*i = -0*i + 6. Let z(w) = -157*w - 15. Let j(p) = -41*p - 4. Let r(u) = -23*j(u) + 6*z(u). Determine r(i).
4
Let a(g) = 37*g**3 + g - 72*g**3 - 2 + 34*g**3. Let v be (5 + -5)*(-1)/2. Let u = -2 - v. Determine a(u).
4
Let j(l) = -11*l - 143. Let u(i) = -13*i - 161. Let w(z) = -7*j(z) + 6*u(z). Calculate w(13).
22
Let y = 35205 - 35208. Let z(d) = 12*d + 46. Calculate z(y).
10
Let q be (0 + 3 + 21)/2. Suppose -3*i - q = 0, i + 1 + 1 = -2*k. Let o(u) = k - 8 + 6 - u. Give o(-3).
2
Let h(m) = -2*m**3 - 27*m**2 + 18*m + 1. Let j(c) = -33*c - 1466. Let z be j(-44). Give h(z).
-55
Let q(x) be the third derivative of x**5/60 - 13*x**4/12 - 31*x**3/2 - 2577*x**2. Determine q(-3).
-6
Let q(o) = 11*o**3 - o + 1. Let t(j) = -21*j**3 + 26*j**2 - 56. Let a(s) = -2*q(s) - t(s). Determine a(-26).
2
Let g(c) = -c**2 - 8*c - 10. Let f(a) = 29*a**2 - 8*